03. What is the tens digit of b?
0
Suppose 0 = 5*v - 5*i - 1541 + 421, 5*v - i - 1112 = 0. Suppose v*m = 220*m + 398. What is the tens digit of m?
9
Let c(o) = 1549*o - 499. What is the units digit of c(5)?
6
Let q(i) = 207*i**2 + 62*i + 89. What is the hundreds digit of q(-8)?
8
Let f = 4108 - 2372. What is the tens digit of f?
3
Suppose 0 = 4*r + 12*k - 7*k - 14403, 3*r - 10810 = 4*k. What is the thousands digit of r?
3
Let p(g) = 5960*g + 3007. What is the hundreds digit of p(5)?
8
Let h(v) be the third derivative of -10*v**2 + 0 + 5/24*v**4 + 0*v + 1/10*v**5 + 1/6*v**3. What is the tens digit of h(-4)?
7
What is the tens digit of 12427908*(-21)/(-5166) + 6/123?
2
Let u(c) = 42*c - 49. Let z be u(7). Let i = z + -146. What is the units digit of i?
9
Suppose 5*g - 12 = g. Suppose 4*q - 2*n = -n + 2298, -2880 = -5*q + 5*n. Suppose 3*r + g*f - 308 = 109, 0 = 4*r - 5*f - q. What is the units digit of r?
1
Suppose -5*d + 3*f + 76347 = 0, -3*d + 4*d + 2*f = 15259. What is the ten thousands digit of d?
1
Let c = 4632 + -7080. What is the tens digit of c/21*(-3 + 4 + -8)?
1
Let w(q) = 23*q - 7. Let n be w(-14). Let v = -244 - n. What is the tens digit of v?
8
What is the tens digit of 6397 + (15 - 23) + 1?
9
Let w = -29 - -29. Let t be ((-1448)/5)/(-8) - 1/5. Suppose -5*z + z + t = w. What is the units digit of z?
9
Suppose 4*x - 2*k - 1120 = 0, -2*x + 2*k + 664 = 102. Suppose -10*z + x = -13*z. Let b = 158 + z. What is the tens digit of b?
6
Let r(p) = p**3 + 13*p**2 - 9*p - 114. Let j be r(-13). Suppose -358 + 10 = -2*a. Suppose 192 = j*c - a. What is the hundreds digit of c?
1
Let o(y) = -y**2 - y - 26. Let t be o(0). Let c = t + 61. Let w = -14 + c. What is the units digit of w?
1
Let u be (2 + 1)*(-112)/(-42). Suppose 0 = 4*p - 319 + 23. What is the hundreds digit of (44/u - 4)*p?
1
Let c(s) = 117 - 36 + 39*s + 79 + 37*s + 66*s. What is the tens digit of c(3)?
8
Let u(b) = -1179*b - 542. What is the hundreds digit of u(-7)?
7
What is the thousands digit of 8133 + (-7)/((-7)/5)?
8
Let q be 4/(-26) + 19678/(-26). Let i = -535 - q. What is the tens digit of (i/(-9))/((-2)/6)?
7
Suppose -30 + 9 = 21*z. What is the hundreds digit of (z - 1)/((-20)/10290)?
0
Let u(x) = 92*x + 973. What is the hundreds digit of u(58)?
3
Suppose -o + 4171 = 2*d - 3696, -39323 = -5*o + 2*d. Let l(w) = -w**2 + 46*w - 52. Let i be l(45). What is the units digit of (-2)/i + o/35 + -1?
4
Let z(g) be the third derivative of -17*g**5/120 - g**3/3 - 13*g**2. Let q(s) be the first derivative of z(s). What is the units digit of q(-4)?
8
Let d = -1349 + 1793. What is the hundreds digit of d?
4
Let s(b) = 135*b - 311. What is the units digit of s(4)?
9
Let t = 104388 - 66892. What is the tens digit of t?
9
Suppose -5*v - 261*j + 264*j = -94590, -5*v + 94550 = 5*j. What is the ten thousands digit of v?
1
Suppose -q - 112 = -3*f, 4*q - 96 = 5*f - 292. What is the tens digit of f + (-5 - -11 - 5)?
3
Suppose -2 = 4*g - 2*v, 2*v - 8 = -2. Let l be ((-1)/(2 + g))/(1/(-6)). Suppose l*h - 161 = -5*u - h, -u = -h - 37. What is the tens digit of u?
3
Let g be (-66 + 6)*(0 - 2*1). Suppose 20*y = 24*y - g. Suppose 2*v + y = 104. What is the tens digit of v?
3
Let d(b) = 5526*b**2 - 13*b - 27. Let p be d(-2). Suppose -16*l = 15*l - p. What is the units digit of l?
3
What is the tens digit of 11/(-55) + (-3)/(75/(-213880))?
5
Suppose 0 = 34*f - 33*f + 2. Suppose x - 23 = -p, -2*x - 72 = -6*x + p. Let o = x - f. What is the tens digit of o?
2
Let a = -84 - -80. Let f(q) = q**2 + 3*q + 4. Let u be f(a). What is the tens digit of (-352 - 0)*2/u*-2?
7
Let o be (-9)/(-21) - (-23)/((-805)/(-413580)). Suppose o - 2681 = 8*i. What is the thousands digit of i?
1
What is the units digit of -11 + 2682/234 + 567159/39?
3
Suppose 2*q - 28316 = -5*z, -9*q + 14*q = -2*z + 11318. What is the thousands digit of z?
5
Suppose r - 9991 = g + 5559, -7*g + 31046 = 2*r. What is the ten thousands digit of r?
1
Let q(v) = 3*v + 3*v + 0*v - 5*v + 24. Let f be q(-13). Suppose 4*b - a - 130 = f, 0 = -4*b - a + 139. What is the units digit of b?
5
Let m(g) = 5*g + 1. Let w be m(-1). Let d be -32 - 0 - (5 + -1). Let y = w - d. What is the units digit of y?
2
Let u be 0 + (4 + -1 - -1). Let m(n) = -u*n + 11 + 0*n - 9*n. What is the units digit of m(-3)?
0
Suppose -3*c + 4*b + 0*b = -28, 0 = -4*c - b + 12. Suppose -2*g - c*d = 24, -5*d - 40 = 5*g - 0*d. What is the tens digit of (-230)/g + 1/(-2)?
5
Let r(n) = 18*n + 166. Let y(x) = -5*x**3 - 3*x**2 - 2*x - 5. Let t be y(-2). What is the tens digit of r(t)?
5
Let m(n) be the second derivative of 23*n**3/6 - 38*n**2 + 2*n + 16. What is the hundreds digit of m(12)?
2
What is the units digit of (60/(-3))/(-5) + 1125?
9
Suppose 2*c = u + 86, 4*u = 3*c + 2*c - 218. Suppose 0 = -g - 6*g + c. What is the tens digit of (356/g)/((-48)/(-18) - 2)?
8
Let m(r) = r + 9. Let v be m(4). Suppose -v*l + 8*l - 15 = 0. What is the units digit of (-9 - l - -5)*24/(-1)?
4
Let o be 2*(-2)/(4/131). Let i(v) = -v**3 + 16*v**2 - v + 2. Let t be i(4). Let c = t + o. What is the tens digit of c?
5
What is the tens digit of 117*1/(-3)*303/(-3)?
3
What is the thousands digit of (-7 - -11)*22039/4 + -5?
2
Let d = 8565 - -453. What is the units digit of d?
8
Let u(l) = -4. Let g(z) = -z. Let x(o) = 30*g(o) - 5*u(o). Let y be x(-6). Let k = 283 - y. What is the units digit of k?
3
Suppose 34 + 198 = 4*s. Suppose -v + s = -2*w, -4*v - 140 = -3*w - 382. What is the units digit of v?
2
Suppose 0 = -2*w + 4 + 44. Let y = 32 - w. What is the units digit of (-16)/((-1)/y + 0)?
8
Let k(g) = g**3 + 9*g**2 + 6*g - 5. Let a be k(-7). Let q = -40 + a. Suppose -392 = -q*o + 7*o. What is the units digit of o?
8
Let z(s) = 13*s**3 + 11*s**2 - 87*s - 8. What is the units digit of z(5)?
7
Suppose 4*a - 55121 = -13969. What is the tens digit of a?
8
Suppose 5*y + 3*u = 4*u + 4757, 2*y - 2*u = 1898. What is the units digit of y?
2
Let i = -23532 - -91701. What is the thousands digit of i?
8
Let f = 8779 + -647. What is the hundreds digit of f?
1
Let z(q) = 14*q**2 - 2*q + 4500. What is the hundreds digit of z(0)?
5
Suppose 5*n = -0*n - 340. Let k = 38 + n. What is the tens digit of ((-15)/k)/((-1)/(-42))?
2
Let h = 383 - 134. Suppose 0*x + 2*x + 3*j - 96 = 0, 3*j = -5*x + h. Suppose -4*i - x + 259 = 0. What is the units digit of i?
2
Let k = 2779 - 1583. Suppose -3*a = -g - k, -g - g + 1598 = 4*a. Suppose a = 5*f - 4*b, -2*b - 34 = -f + 47. What is the units digit of f?
9
Let f(i) = 4*i**3 - 3*i - 3*i**3 + i + 344 + 211*i**2 - 212*i**2. What is the units digit of f(0)?
4
Let q = -50 + -4. Let k = 27 - q. Let d = 67 + k. What is the tens digit of d?
4
Let t = -29 - -104. Suppose 0*n - 8 = n - 5*f, -3*n = 4*f - 14. Let d = t + n. What is the units digit of d?
7
Let r = -4007 - -8079. What is the tens digit of r?
7
Let z be (0 - 2) + -9 + 16 + -29. What is the units digit of ((-15)/z*-2)/((-10)/760)?
5
Let v(i) = -981*i - 1620. What is the units digit of v(-18)?
8
Let m be (0 - -1)/((-3)/(-699)). Let h(k) = 47*k**2 + 167*k - 13. Let g be h(-3). Let r = g + m. What is the tens digit of r?
4
Let p be 637/9 - (-2)/9. Let c = -588 - -591. Suppose 0 = -3*r - 2*b + 36, 2*b + p = 4*r - c*b. What is the units digit of r?
4
Let i(z) = 28*z**2 + 30*z - 20. Let d be i(-16). Let n be (-1)/2*1 - d/8. What is the units digit of (-6)/(-21) + n/(-21)?
0
What is the hundreds digit of (-56)/(-16) + -5 - (-19854)/12?
6
Suppose 7*f - 12 = f. Suppose 1300 = 5*x + f*h + 3*h, -x = 4*h - 266. What is the hundreds digit of x?
2
Suppose 8 = 4*u - 2*u. Let t be (u - (-10)/(-4))*-10. What is the tens digit of ((-18)/t)/(4/250)?
7
Let g(j) = -j**3 + 11*j**2 - 18*j + 18. Let c be g(9). Suppose -c*z + 9 = -15*z. Suppose 80 = 4*n + d - 0*d, -3*d + 60 = z*n. What is the units digit of n?
0
Let l be 2285/(-35) + 6/21. Let x = -62 - l. What is the tens digit of (x/(-2) + 2)*132?
6
Let o(x) = -x**3 + 61*x**2 - 35*x + 40. What is the hundreds digit of o(60)?
5
Suppose -d - 2*q + 14460 = 0, 85*q - 28875 = -2*d + 90*q. What is the tens digit of d?
5
Let p = 14485 + 7570. What is the thousands digit of p?
2
Suppose 0*z = y + 4*z - 234, -2 = -2*z. Suppose -5*m - 39 = -49. Suppose 3*c = 4*k + y, m*c - k - 150 = k. What is the units digit of c?
0
Let a = -138 + 15